{"id":382,"date":"2017-03-13T13:13:04","date_gmt":"2017-03-13T11:13:04","guid":{"rendered":"http:\/\/micro-magic.de\/?page_id=382"},"modified":"2019-02-24T22:53:32","modified_gmt":"2019-02-24T20:53:32","slug":"bootsbau-unterlagen-sammlung","status":"publish","type":"page","link":"https:\/\/micromagic-rc-segeln.de\/?page_id=382","title":{"rendered":"Bau und Tuning"},"content":{"rendered":"<p>Hier findet ihr weitere Bau- und Tuningtipps f\u00fcr eure Micro Magic.<\/p>\n<table style=\"border-collapse: collapse; width: 100%;\" border=\"1\">\n<tbody>\n<tr>\n<td style=\"width: 67.637%; text-align: left; vertical-align: top;\">Korrekturen und Erg\u00e4nzungen zur Bauanleitung<br \/>\nf\u00fcr die racing Micro Magic<\/td>\n<td style=\"width: 32.363%; text-align: left; vertical-align: top;\"><a href=\"https:\/\/micromagic-rc-segeln.de\/wp-content\/uploads\/2018\/08\/rmm-bauplankorrektur.pdf\"><img loading=\"lazy\" decoding=\"async\" class=\"alignnone wp-image-924\" src=\"https:\/\/micromagic-rc-segeln.de\/wp-content\/uploads\/2018\/08\/thumb_rmm-bauplankorrektur-212x300.jpg\" alt=\"\" width=\"175\" height=\"248\" srcset=\"https:\/\/micromagic-rc-segeln.de\/wp-content\/uploads\/2018\/08\/thumb_rmm-bauplankorrektur-212x300.jpg 212w, https:\/\/micromagic-rc-segeln.de\/wp-content\/uploads\/2018\/08\/thumb_rmm-bauplankorrektur-768x1087.jpg 768w, https:\/\/micromagic-rc-segeln.de\/wp-content\/uploads\/2018\/08\/thumb_rmm-bauplankorrektur-723x1024.jpg 723w, https:\/\/micromagic-rc-segeln.de\/wp-content\/uploads\/2018\/08\/thumb_rmm-bauplankorrektur.jpg 1239w\" sizes=\"auto, (max-width: 175px) 100vw, 175px\" \/><\/a><\/td>\n<\/tr>\n<\/tbody>\n<\/table>\n<p>&nbsp;<\/p>\n<table border=\"1\">\n<tbody>\n<tr>\n<td style=\"text-align: left; vertical-align: top; width: 379.667px;\">Schwere Kiele f\u00fcr die Micro Magic<br \/>\nf\u00fcr mehr Segelspa\u00df bei starkem Wind<\/td>\n<td style=\"text-align: left; vertical-align: top; width: 184.333px;\"><a href=\"https:\/\/micromagic-rc-segeln.de\/wp-content\/uploads\/2018\/09\/mm-schwere-kiele.pdf\"><img loading=\"lazy\" decoding=\"async\" class=\"alignnone wp-image-927\" src=\"https:\/\/micromagic-rc-segeln.de\/wp-content\/uploads\/2018\/08\/thumb_mm-schwere-kiele-1-212x300.jpg\" alt=\"\" width=\"175\" height=\"248\" srcset=\"https:\/\/micromagic-rc-segeln.de\/wp-content\/uploads\/2018\/08\/thumb_mm-schwere-kiele-1-212x300.jpg 212w, https:\/\/micromagic-rc-segeln.de\/wp-content\/uploads\/2018\/08\/thumb_mm-schwere-kiele-1.jpg 250w\" sizes=\"auto, (max-width: 175px) 100vw, 175px\" \/><\/a><\/td>\n<\/tr>\n<tr>\n<td style=\"text-align: left; vertical-align: top; width: 379.667px;\">Verschiedene Kiel- und Ruderformen<br \/>\nf\u00fcr die Micro Magic&nbsp;<\/td>\n<td style=\"text-align: left; vertical-align: top; width: 184.333px;\"><a href=\"https:\/\/micromagic-rc-segeln.de\/wp-content\/uploads\/2018\/08\/kiel-ruder-modifikationen-12-2005.pdf\"><img loading=\"lazy\" decoding=\"async\" class=\"alignnone wp-image-928\" src=\"https:\/\/micromagic-rc-segeln.de\/wp-content\/uploads\/2018\/08\/thumb_kiel-ruder-modifikationen-12-2005-212x300.jpg\" alt=\"\" width=\"175\" height=\"247\" srcset=\"https:\/\/micromagic-rc-segeln.de\/wp-content\/uploads\/2018\/08\/thumb_kiel-ruder-modifikationen-12-2005-212x300.jpg 212w, https:\/\/micromagic-rc-segeln.de\/wp-content\/uploads\/2018\/08\/thumb_kiel-ruder-modifikationen-12-2005.jpg 250w\" sizes=\"auto, (max-width: 175px) 100vw, 175px\" \/><\/a><\/td>\n<\/tr>\n<tr>\n<td style=\"text-align: left; vertical-align: top; width: 379.667px;\">Riggs f\u00fcr die Micro Magic<\/td>\n<td style=\"text-align: left; vertical-align: top; width: 184.333px;\"><a href=\"https:\/\/micromagic-rc-segeln.de\/wp-content\/uploads\/2018\/08\/Riggs_fuer_die_MM.pdf\"><img loading=\"lazy\" decoding=\"async\" class=\"alignnone wp-image-938\" src=\"https:\/\/micromagic-rc-segeln.de\/wp-content\/uploads\/2018\/08\/thumb_Riggs_fuer_die_MM-212x300.jpg\" alt=\"\" width=\"175\" height=\"248\" srcset=\"https:\/\/micromagic-rc-segeln.de\/wp-content\/uploads\/2018\/08\/thumb_Riggs_fuer_die_MM-212x300.jpg 212w, https:\/\/micromagic-rc-segeln.de\/wp-content\/uploads\/2018\/08\/thumb_Riggs_fuer_die_MM.jpg 250w\" sizes=\"auto, (max-width: 175px) 100vw, 175px\" \/><\/a><\/td>\n<\/tr>\n<\/tbody>\n<\/table>\n<p>&nbsp;<\/p>\n<table border=\"1\">\n<tbody>\n<tr>\n<td style=\"text-align: left; vertical-align: top; width: 380.667px;\">Bautipps zur Classic Micro Magic<\/td>\n<td style=\"text-align: left; vertical-align: top; width: 183.333px;\"><a href=\"https:\/\/micromagic-rc-segeln.de\/wp-content\/uploads\/2018\/08\/Bautipps-cMM.pdf\"><img loading=\"lazy\" decoding=\"async\" class=\"alignnone wp-image-932\" src=\"https:\/\/micromagic-rc-segeln.de\/wp-content\/uploads\/2018\/08\/thumb_Bautipps-cMM-212x300.jpg\" alt=\"\" width=\"175\" height=\"248\" srcset=\"https:\/\/micromagic-rc-segeln.de\/wp-content\/uploads\/2018\/08\/thumb_Bautipps-cMM-212x300.jpg 212w, https:\/\/micromagic-rc-segeln.de\/wp-content\/uploads\/2018\/08\/thumb_Bautipps-cMM.jpg 250w\" sizes=\"auto, (max-width: 175px) 100vw, 175px\" \/><\/a><\/td>\n<\/tr>\n<\/tbody>\n<\/table>\n<p>&nbsp;<\/p>\n<table border=\"1\">\n<tbody>\n<tr>\n<td style=\"text-align: left; vertical-align: top; width: 380.667px;\">Trimmanzeigen<\/td>\n<td style=\"text-align: left; vertical-align: top; width: 183.333px;\">&nbsp;<a href=\"https:\/\/micromagic-rc-segeln.de\/wp-content\/uploads\/2019\/02\/mm-trimmanzeigen.pdf\"><img loading=\"lazy\" decoding=\"async\" class=\"alignnone size-full wp-image-1240\" src=\"https:\/\/micromagic-rc-segeln.de\/wp-content\/uploads\/2019\/02\/thumb_mm-trimmanzeigen.jpg\" alt=\"\" width=\"175\" height=\"124\"><\/a><\/td>\n<\/tr>\n<\/tbody>\n<\/table>\n","protected":false},"excerpt":{"rendered":"<p>Hier findet ihr weitere Bau- und Tuningtipps f\u00fcr eure Micro Magic. Korrekturen und Erg\u00e4nzungen zur Bauanleitung f\u00fcr die racing Micro Magic &nbsp; Schwere Kiele f\u00fcr die Micro Magic f\u00fcr mehr Segelspa\u00df bei starkem Wind Verschiedene Kiel- und Ruderformen f\u00fcr die &hellip; <a href=\"https:\/\/micromagic-rc-segeln.de\/?page_id=382\">Weiterlesen <span class=\"meta-nav\">&rarr;<\/span><\/a><\/p>\n","protected":false},"author":1,"featured_media":0,"parent":0,"menu_order":0,"comment_status":"closed","ping_status":"closed","template":"","meta":{"footnotes":""},"class_list":["post-382","page","type-page","status-publish","hentry"],"_links":{"self":[{"href":"https:\/\/micromagic-rc-segeln.de\/index.php?rest_route=\/wp\/v2\/pages\/382","targetHints":{"allow":["GET"]}}],"collection":[{"href":"https:\/\/micromagic-rc-segeln.de\/index.php?rest_route=\/wp\/v2\/pages"}],"about":[{"href":"https:\/\/micromagic-rc-segeln.de\/index.php?rest_route=\/wp\/v2\/types\/page"}],"author":[{"embeddable":true,"href":"https:\/\/micromagic-rc-segeln.de\/index.php?rest_route=\/wp\/v2\/users\/1"}],"replies":[{"embeddable":true,"href":"https:\/\/micromagic-rc-segeln.de\/index.php?rest_route=%2Fwp%2Fv2%2Fcomments&post=382"}],"version-history":[{"count":15,"href":"https:\/\/micromagic-rc-segeln.de\/index.php?rest_route=\/wp\/v2\/pages\/382\/revisions"}],"predecessor-version":[{"id":1242,"href":"https:\/\/micromagic-rc-segeln.de\/index.php?rest_route=\/wp\/v2\/pages\/382\/revisions\/1242"}],"wp:attachment":[{"href":"https:\/\/micromagic-rc-segeln.de\/index.php?rest_route=%2Fwp%2Fv2%2Fmedia&parent=382"}],"curies":[{"name":"wp","href":"https:\/\/api.w.org\/{rel}","templated":true}]}}