{"id":3610,"date":"2022-03-09T09:50:37","date_gmt":"2022-03-09T08:50:37","guid":{"rendered":"https:\/\/micromagic-rc-segeln.de\/?page_id=3610"},"modified":"2022-03-11T08:19:19","modified_gmt":"2022-03-11T07:19:19","slug":"segelrevier-lippesee","status":"publish","type":"page","link":"https:\/\/micromagic-rc-segeln.de\/?page_id=3610","title":{"rendered":"Segelrevier Lippesee"},"content":{"rendered":"<p style=\"text-align: center;\"><img loading=\"lazy\" decoding=\"async\" class=\"alignnone wp-image-3831 size-medium\" src=\"https:\/\/micromagic-rc-segeln.de\/wp-content\/uploads\/2022\/03\/map_nrw_lippesee-300x168.png\" alt=\"\" width=\"300\" height=\"168\" srcset=\"https:\/\/micromagic-rc-segeln.de\/wp-content\/uploads\/2022\/03\/map_nrw_lippesee-300x168.png 300w, https:\/\/micromagic-rc-segeln.de\/wp-content\/uploads\/2022\/03\/map_nrw_lippesee-500x280.png 500w, https:\/\/micromagic-rc-segeln.de\/wp-content\/uploads\/2022\/03\/map_nrw_lippesee.png 606w\" sizes=\"auto, (max-width: 300px) 100vw, 300px\" \/><\/p>\n<table style=\"border-collapse: collapse; width: 100%;\">\n<tbody>\n<tr>\n<td style=\"width: 50%; vertical-align: top;\">Ansprechpartner: <strong>Stefan Giefers<\/strong><br \/>\nLeihboot vorhanden: <strong>ja<\/strong><\/td>\n<td style=\"width: 50%; vertical-align: top;\"><a href=\"#Kontaktformular\">Kontaktanfrage<\/a><\/td>\n<\/tr>\n<\/tbody>\n<\/table>\n<p><img loading=\"lazy\" decoding=\"async\" class=\"alignnone wp-image-3594 size-full\" src=\"https:\/\/micromagic-rc-segeln.de\/wp-content\/uploads\/2021\/11\/MM_RegioCup_West_21112021_1250.jpg\" alt=\"\" width=\"1440\" height=\"1080\" srcset=\"https:\/\/micromagic-rc-segeln.de\/wp-content\/uploads\/2021\/11\/MM_RegioCup_West_21112021_1250.jpg 1440w, https:\/\/micromagic-rc-segeln.de\/wp-content\/uploads\/2021\/11\/MM_RegioCup_West_21112021_1250-300x225.jpg 300w, https:\/\/micromagic-rc-segeln.de\/wp-content\/uploads\/2021\/11\/MM_RegioCup_West_21112021_1250-1024x768.jpg 1024w, https:\/\/micromagic-rc-segeln.de\/wp-content\/uploads\/2021\/11\/MM_RegioCup_West_21112021_1250-768x576.jpg 768w, https:\/\/micromagic-rc-segeln.de\/wp-content\/uploads\/2021\/11\/MM_RegioCup_West_21112021_1250-400x300.jpg 400w\" sizes=\"auto, (max-width: 1440px) 100vw, 1440px\" \/><span style=\"font-size: 12px;\">Bild von Stephanie Giefers<\/span><\/p>\n<p>Der Lippesee oder die Talsperre Sander-Lippe, wie der See offiziell hei\u00dft, liegt in der N\u00e4he von Paderborn, im Osten Nordrhein-Westfalens. Der See hat eine Wasserfl\u00e4che von rund 1 km<sup>2<\/sup> und kann zu Fu\u00df oder mit dem Fahrrad auf einem ca. 7 km langen Rundweg umrundet werden. Der Lippesee ist ein\u00a0Naherholungsgebiet, in dem es vielf\u00e4ltige\u00a0Wassersport- und Freizeitm\u00f6glichkeiten wie beispielsweise Segeln, Surfen,\u00a0Tretbootfahren\u00a0und Angeln gibt. Am Nordufer gibt es am Kiosk einen kleinen Badestrand.<br \/>\nSeit vielen Jahren wir hier auch Micro Magic gesegelt. 2021 wurde der RegioCup West auf dem Lippesee ausgesegelt.<\/p>\n<p><script src=\"https:\/\/de.windfinder.com\/widget\/forecast\/js\/lippesee_paderborn?unit_wave=m&#038;unit_rain=mm&#038;unit_temperature=c&#038;unit_wind=kts&#038;unit_pressure=hPa&#038;days=4&#038;show_day=1&#038;show_waves=0\"><\/script><noscript><a rel=\"nofollow\" href=\"https:\/\/www.windfinder.com\/forecast\/lippesee_paderborn?utm_source=forecast&#038;utm_medium=web&#038;utm_campaign=homepageweather&#038;utm_content=noscript-forecast\">Wind forecast for Lippesee \/ Paderborn<\/a> provided by <a rel=\"nofollow\" href=\"https:\/\/www.windfinder.com?utm_source=forecast&#038;utm_medium=web&#038;utm_campaign=homepageweather&#038;utm_content=noscript-logo\">windfinder.com<\/a><\/noscript><\/p>\n<p><span style=\"text-decoration: underline;\"><strong><a id=\"Kontaktformular\"><\/a>Kontaktanfrage:<br \/>\n<\/strong><\/span>\n<div class=\"wpcf7 no-js\" id=\"wpcf7-f3750-o1\" lang=\"de-DE\" dir=\"ltr\" data-wpcf7-id=\"3750\">\n<div class=\"screen-reader-response\"><p role=\"status\" aria-live=\"polite\" aria-atomic=\"true\"><\/p> <ul><\/ul><\/div>\n<form action=\"\/index.php?rest_route=%2Fwp%2Fv2%2Fpages%2F3610#wpcf7-f3750-o1\" method=\"post\" class=\"wpcf7-form init\" aria-label=\"Kontaktformular\" novalidate=\"novalidate\" data-status=\"init\">\n<fieldset class=\"hidden-fields-container\"><input type=\"hidden\" name=\"_wpcf7\" value=\"3750\" \/><input type=\"hidden\" name=\"_wpcf7_version\" value=\"6.1.5\" \/><input type=\"hidden\" name=\"_wpcf7_locale\" value=\"de_DE\" \/><input type=\"hidden\" name=\"_wpcf7_unit_tag\" value=\"wpcf7-f3750-o1\" \/><input type=\"hidden\" name=\"_wpcf7_container_post\" value=\"0\" \/><input type=\"hidden\" name=\"_wpcf7_posted_data_hash\" value=\"\" \/><input type=\"hidden\" name=\"_wpcf7_recaptcha_response\" value=\"\" \/>\n<\/fieldset>\n<p><label> Name:<br \/>\n<span class=\"wpcf7-form-control-wrap\" data-name=\"your-name\"><input size=\"40\" maxlength=\"400\" class=\"wpcf7-form-control wpcf7-text wpcf7-validates-as-required\" aria-required=\"true\" aria-invalid=\"false\" value=\"\" type=\"text\" name=\"your-name\" \/><\/span> <\/label>\n<\/p>\n<p><label> E-Mail-Adresse:<br \/>\n<span class=\"wpcf7-form-control-wrap\" data-name=\"your-email\"><input size=\"40\" maxlength=\"400\" class=\"wpcf7-form-control wpcf7-email wpcf7-validates-as-required wpcf7-text wpcf7-validates-as-email\" aria-required=\"true\" aria-invalid=\"false\" value=\"\" type=\"email\" name=\"your-email\" \/><\/span> <\/label>\n<\/p>\n<p><span class=\"wpcf7-form-control-wrap\" data-name=\"radio-316\"><span class=\"wpcf7-form-control wpcf7-radio\"><span class=\"wpcf7-list-item first\"><label><input type=\"radio\" name=\"radio-316\" value=\"Ich habe noch keine Micro Magic und m\u00f6chte gerne einmal Probe segeln.\" checked=\"checked\" \/><span class=\"wpcf7-list-item-label\">Ich habe noch keine Micro Magic und m\u00f6chte gerne einmal Probe segeln.<\/span><\/label><\/span><span class=\"wpcf7-list-item last\"><label><input type=\"radio\" name=\"radio-316\" value=\"Ich habe schon eine Micro Magic und m\u00f6chte gerne mitsegeln.\" \/><span class=\"wpcf7-list-item-label\">Ich habe schon eine Micro Magic und m\u00f6chte gerne mitsegeln.<\/span><\/label><\/span><\/span><\/span>\n<\/p>\n<p><label> Nachricht:<br \/>\n<span class=\"wpcf7-form-control-wrap\" data-name=\"your-message\"><textarea cols=\"40\" rows=\"10\" maxlength=\"2000\" class=\"wpcf7-form-control wpcf7-textarea\" aria-invalid=\"false\" name=\"your-message\"><\/textarea><\/span> <\/label>\n<\/p>\n<p><input class=\"wpcf7-form-control wpcf7-submit has-spinner\" type=\"submit\" value=\"Anfrage senden\" \/>\n<\/p><div class=\"wpcf7-response-output\" aria-hidden=\"true\"><\/div>\n<\/form>\n<\/div>\n<\/p>\n","protected":false},"excerpt":{"rendered":"<p>Ansprechpartner: Stefan Giefers Leihboot vorhanden: ja Kontaktanfrage Bild von Stephanie Giefers Der Lippesee oder die Talsperre Sander-Lippe, wie der See offiziell hei\u00dft, liegt in der N\u00e4he von Paderborn, im Osten Nordrhein-Westfalens. Der See hat eine Wasserfl\u00e4che von rund 1 km2 &hellip; <a href=\"https:\/\/micromagic-rc-segeln.de\/?page_id=3610\">Weiterlesen <span class=\"meta-nav\">&rarr;<\/span><\/a><\/p>\n","protected":false},"author":4,"featured_media":0,"parent":0,"menu_order":0,"comment_status":"closed","ping_status":"closed","template":"","meta":{"footnotes":""},"class_list":["post-3610","page","type-page","status-publish","hentry"],"_links":{"self":[{"href":"https:\/\/micromagic-rc-segeln.de\/index.php?rest_route=\/wp\/v2\/pages\/3610","targetHints":{"allow":["GET"]}}],"collection":[{"href":"https:\/\/micromagic-rc-segeln.de\/index.php?rest_route=\/wp\/v2\/pages"}],"about":[{"href":"https:\/\/micromagic-rc-segeln.de\/index.php?rest_route=\/wp\/v2\/types\/page"}],"author":[{"embeddable":true,"href":"https:\/\/micromagic-rc-segeln.de\/index.php?rest_route=\/wp\/v2\/users\/4"}],"replies":[{"embeddable":true,"href":"https:\/\/micromagic-rc-segeln.de\/index.php?rest_route=%2Fwp%2Fv2%2Fcomments&post=3610"}],"version-history":[{"count":6,"href":"https:\/\/micromagic-rc-segeln.de\/index.php?rest_route=\/wp\/v2\/pages\/3610\/revisions"}],"predecessor-version":[{"id":3834,"href":"https:\/\/micromagic-rc-segeln.de\/index.php?rest_route=\/wp\/v2\/pages\/3610\/revisions\/3834"}],"wp:attachment":[{"href":"https:\/\/micromagic-rc-segeln.de\/index.php?rest_route=%2Fwp%2Fv2%2Fmedia&parent=3610"}],"curies":[{"name":"wp","href":"https:\/\/api.w.org\/{rel}","templated":true}]}}