{"id":2822,"date":"2021-03-08T11:43:08","date_gmt":"2021-03-08T10:43:08","guid":{"rendered":"https:\/\/micromagic-rc-segeln.de\/?page_id=2822"},"modified":"2021-03-08T11:43:08","modified_gmt":"2021-03-08T10:43:08","slug":"technische-daten","status":"publish","type":"page","link":"https:\/\/micromagic-rc-segeln.de\/?page_id=2822","title":{"rendered":"Technische Daten"},"content":{"rendered":"<p>Nachfolgend ein paar technische Daten zum Modell, hier auf Basis der Racing Micro Magic. Die Daten sind grunds\u00e4tzlich auf alle Versionen der Micro Magic, d. h. die Classic Version und die Racing Versionen der Hersteller Graupner, Graupner\/SJ und Hacker, anwendbar. Die technische Ausf\u00fchrung bezieht sich auf die deutschen Bootsbauregeln.<\/p>\n<p><strong>Abmessungen:<\/strong><\/p>\n<p><img loading=\"lazy\" decoding=\"async\" class=\"alignnone wp-image-2870 size-full\" src=\"https:\/\/micromagic-rc-segeln.de\/wp-content\/uploads\/2021\/03\/rMM_Abmessungen_ohne_Gewicht_und_Segelflaeche.jpg\" alt=\"\" width=\"1650\" height=\"1780\" srcset=\"https:\/\/micromagic-rc-segeln.de\/wp-content\/uploads\/2021\/03\/rMM_Abmessungen_ohne_Gewicht_und_Segelflaeche.jpg 1650w, https:\/\/micromagic-rc-segeln.de\/wp-content\/uploads\/2021\/03\/rMM_Abmessungen_ohne_Gewicht_und_Segelflaeche-278x300.jpg 278w, https:\/\/micromagic-rc-segeln.de\/wp-content\/uploads\/2021\/03\/rMM_Abmessungen_ohne_Gewicht_und_Segelflaeche-949x1024.jpg 949w, https:\/\/micromagic-rc-segeln.de\/wp-content\/uploads\/2021\/03\/rMM_Abmessungen_ohne_Gewicht_und_Segelflaeche-768x829.jpg 768w, https:\/\/micromagic-rc-segeln.de\/wp-content\/uploads\/2021\/03\/rMM_Abmessungen_ohne_Gewicht_und_Segelflaeche-1424x1536.jpg 1424w\" sizes=\"auto, (max-width: 1650px) 100vw, 1650px\" \/><\/p>\n<table style=\"border-collapse: collapse; width: 100%;\">\n<tbody>\n<tr style=\"border-style: hidden;\">\n<td style=\"width: 50%; border-style: hidden; vertical-align: top;\"><strong>Segelfl\u00e4che:<br \/>\n<\/strong>Gesamtsegelfl\u00e4che: 1.550 cm<sup>2<br \/>\n<\/sup>Vorsegel: max. 580 cm<sup>2<\/sup><br \/>\nGro\u00dfsegel: max. 970 cm<sup>2<\/sup><\/td>\n<td style=\"width: 50%; vertical-align: top;\"><strong>Gewicht:<\/strong><br \/>\nGesamtgewicht: ca. 860 g<br \/>\nBallastgewicht: ca. 370 g<\/td>\n<\/tr>\n<\/tbody>\n<\/table>\n<p>In Deutschland d\u00fcrfen Kiele mit h\u00f6herem Ballastgewicht gefahren werden. International ist dies nicht zugelassen. Hier werden stattdessen kleinere Segel gefahren.<\/p>\n<p><strong>RC-Ausf\u00fchrung:<\/strong><br \/>\nFunktionen: Ruderverstellung, Segelverstellung, Fockschottrimmung<br \/>\nBetriebsspannung: 4,8 &#8211; 6,0V<\/p>\n<p>In Deutschland ist die Ausf\u00fchrung und die Anzahl der m\u00f6glichen Funktionen f\u00fcr die Ruder- und Segelverstellung freigestellt. International d\u00fcrfen nur 2 Servos f\u00fcr Steuerung des Ruders und zur Verstellung der Segel gefahren werden.<\/p>\n","protected":false},"excerpt":{"rendered":"<p>Nachfolgend ein paar technische Daten zum Modell, hier auf Basis der Racing Micro Magic. Die Daten sind grunds\u00e4tzlich auf alle Versionen der Micro Magic, d. h. die Classic Version und die Racing Versionen der Hersteller Graupner, Graupner\/SJ und Hacker, anwendbar. &hellip; <a href=\"https:\/\/micromagic-rc-segeln.de\/?page_id=2822\">Weiterlesen <span class=\"meta-nav\">&rarr;<\/span><\/a><\/p>\n","protected":false},"author":4,"featured_media":0,"parent":0,"menu_order":0,"comment_status":"closed","ping_status":"closed","template":"","meta":{"footnotes":""},"class_list":["post-2822","page","type-page","status-publish","hentry"],"_links":{"self":[{"href":"https:\/\/micromagic-rc-segeln.de\/index.php?rest_route=\/wp\/v2\/pages\/2822","targetHints":{"allow":["GET"]}}],"collection":[{"href":"https:\/\/micromagic-rc-segeln.de\/index.php?rest_route=\/wp\/v2\/pages"}],"about":[{"href":"https:\/\/micromagic-rc-segeln.de\/index.php?rest_route=\/wp\/v2\/types\/page"}],"author":[{"embeddable":true,"href":"https:\/\/micromagic-rc-segeln.de\/index.php?rest_route=\/wp\/v2\/users\/4"}],"replies":[{"embeddable":true,"href":"https:\/\/micromagic-rc-segeln.de\/index.php?rest_route=%2Fwp%2Fv2%2Fcomments&post=2822"}],"version-history":[{"count":19,"href":"https:\/\/micromagic-rc-segeln.de\/index.php?rest_route=\/wp\/v2\/pages\/2822\/revisions"}],"predecessor-version":[{"id":2884,"href":"https:\/\/micromagic-rc-segeln.de\/index.php?rest_route=\/wp\/v2\/pages\/2822\/revisions\/2884"}],"wp:attachment":[{"href":"https:\/\/micromagic-rc-segeln.de\/index.php?rest_route=%2Fwp%2Fv2%2Fmedia&parent=2822"}],"curies":[{"name":"wp","href":"https:\/\/api.w.org\/{rel}","templated":true}]}}